{"id":480,"date":"2022-09-25T11:20:30","date_gmt":"2022-09-25T09:20:30","guid":{"rendered":"https:\/\/www.visionpourlafrique.org\/?page_id=480"},"modified":"2022-09-25T11:20:30","modified_gmt":"2022-09-25T09:20:30","slug":"remerciements","status":"publish","type":"page","link":"https:\/\/www.visionpourlafrique.org\/en\/remerciements\/","title":{"rendered":"Remerciements"},"content":{"rendered":"<div class=\"wp-block-media-text alignwide is-stacked-on-mobile is-vertically-aligned-top\" style=\"grid-template-columns:42% auto\"><figure class=\"wp-block-media-text__media\"><img loading=\"lazy\" decoding=\"async\" width=\"1024\" height=\"681\" src=\"https:\/\/www.visionpourlafrique.org\/wp-content\/uploads\/2022\/09\/AdobeStock_479129766-1024x681.jpeg\" alt=\"\" class=\"wp-image-554 size-full\" srcset=\"https:\/\/www.visionpourlafrique.org\/wp-content\/uploads\/2022\/09\/AdobeStock_479129766-1024x681.jpeg 1024w, https:\/\/www.visionpourlafrique.org\/wp-content\/uploads\/2022\/09\/AdobeStock_479129766-300x200.jpeg 300w, https:\/\/www.visionpourlafrique.org\/wp-content\/uploads\/2022\/09\/AdobeStock_479129766-768x511.jpeg 768w, https:\/\/www.visionpourlafrique.org\/wp-content\/uploads\/2022\/09\/AdobeStock_479129766-1536x1022.jpeg 1536w, https:\/\/www.visionpourlafrique.org\/wp-content\/uploads\/2022\/09\/AdobeStock_479129766-2048x1363.jpeg 2048w, https:\/\/www.visionpourlafrique.org\/wp-content\/uploads\/2022\/09\/AdobeStock_479129766-1623x1080.jpeg 1623w\" sizes=\"auto, (max-width: 1024px) 100vw, 1024px\" \/><\/figure><div class=\"wp-block-media-text__content\">\n<p>Dans la lettre aux Philippiens, l\u2019ap\u00f4tre Paul dit au chapitre 4 \u2013 versets 22 et 23&nbsp;:<\/p>\n\n\n\n<blockquote class=\"wp-block-quote is-layout-flow wp-block-quote-is-layout-flow\"><p><em>Saluez tous les saints en J\u00e9sus-Christ. Les fr\u00e8res qui sont avec moi vous saluent.<\/em> <em>Tous les saints vous saluent, et principalement ceux de la maison de C\u00e9sar.<br>Que la gr\u00e2ce du Seigneur J\u00e9sus-Christ soit avec votre esprit<\/em>!<\/p><cite>Philippiens 4:22-23<\/cite><\/blockquote>\n<\/div><\/div>\n\n\n\n<div style=\"height:46px\" aria-hidden=\"true\" class=\"wp-block-spacer\"><\/div>\n\n\n\n<p>Nous rendons d\u2019abord gr\u00e2ces \u00e0 Dieu par J\u00e9sus-Christ, et nous nous r\u00e9jouissons de voir dans ces Nations un grand int\u00e9r\u00eat pour la parole du Seigneur, des c\u0153urs dispos\u00e9s \u00e0 recevoir l\u2019Evangile de Dieu, J\u00e9sus-Christ comme Seigneur et Sauveur dans leur vie.<\/p>\n\n\n\n<p>Nous tenons \u00e0 exprimer nos profonds remerciements \u00e0 tous ceux qui prennent part de pr\u00e8s ou de loin, et acceptent d\u2019\u00eatre partenaires avec Dieu dans cette \u0153uvre missionnaire qu\u2019Il conduit au travers de la VIPA-MIPA.<\/p>\n\n\n\n<p>Nous remercions tout particuli\u00e8rement les responsables d\u2019\u00e9glises qui par leur attachement mobilisent activement des membres de leurs assembl\u00e9es respectives.<\/p>\n\n\n\n<p>Que le Nom du Seigneur J\u00e9sus-Christ soit b\u00e9ni !<\/p>","protected":false},"excerpt":{"rendered":"<p>Dans la lettre aux Philippiens, l\u2019ap\u00f4tre Paul dit au chapitre 4 \u2013 versets 22 et 23&nbsp;: Saluez tous les saints en J\u00e9sus-Christ. Les fr\u00e8res qui sont avec moi vous saluent. Tous les saints vous saluent, et principalement ceux de la maison de C\u00e9sar.Que la gr\u00e2ce du Seigneur J\u00e9sus-Christ soit avec votre esprit! Philippiens 4:22-23 Nous&hellip; <br \/> <a class=\"read-more\" href=\"https:\/\/www.visionpourlafrique.org\/en\/remerciements\/\">Read more<\/a><\/p>","protected":false},"author":5,"featured_media":554,"parent":0,"menu_order":0,"comment_status":"closed","ping_status":"closed","template":"","meta":{"footnotes":""},"class_list":["post-480","page","type-page","status-publish","has-post-thumbnail","hentry"],"_links":{"self":[{"href":"https:\/\/www.visionpourlafrique.org\/en\/wp-json\/wp\/v2\/pages\/480","targetHints":{"allow":["GET"]}}],"collection":[{"href":"https:\/\/www.visionpourlafrique.org\/en\/wp-json\/wp\/v2\/pages"}],"about":[{"href":"https:\/\/www.visionpourlafrique.org\/en\/wp-json\/wp\/v2\/types\/page"}],"author":[{"embeddable":true,"href":"https:\/\/www.visionpourlafrique.org\/en\/wp-json\/wp\/v2\/users\/5"}],"replies":[{"embeddable":true,"href":"https:\/\/www.visionpourlafrique.org\/en\/wp-json\/wp\/v2\/comments?post=480"}],"version-history":[{"count":18,"href":"https:\/\/www.visionpourlafrique.org\/en\/wp-json\/wp\/v2\/pages\/480\/revisions"}],"predecessor-version":[{"id":566,"href":"https:\/\/www.visionpourlafrique.org\/en\/wp-json\/wp\/v2\/pages\/480\/revisions\/566"}],"wp:featuredmedia":[{"embeddable":true,"href":"https:\/\/www.visionpourlafrique.org\/en\/wp-json\/wp\/v2\/media\/554"}],"wp:attachment":[{"href":"https:\/\/www.visionpourlafrique.org\/en\/wp-json\/wp\/v2\/media?parent=480"}],"curies":[{"name":"wp","href":"https:\/\/api.w.org\/{rel}","templated":true}]}}

<div class="wp-block-media-text alignwide is-stacked-on-mobile is-vertically-aligned-top" style="grid-template-columns:42% auto"><figure class="wp-block-media-text__media"><img loading="lazy" decoding="async" width="1024" height="681" src="https://www.visionpourlafrique.org/wp-content/uploads/2022/09/AdobeStock_479129766-1024x681.jpeg" alt="" class="wp-image-554 size-full" srcset="https://www.visionpourlafrique.org/wp-content/uploads/2022/09/AdobeStock_479129766-1024x681.jpeg 1024w, https://www.visionpourlafrique.org/wp-content/uploads/2022/09/AdobeStock_479129766-300x200.jpeg 300w, https://www.visionpourlafrique.org/wp-content/uploads/2022/09/AdobeStock_479129766-768x511.jpeg 768w, https://www.visionpourlafrique.org/wp-content/uploads/2022/09/AdobeStock_479129766-1536x1022.jpeg 1536w, https://www.visionpourlafrique.org/wp-content/uploads/2022/09/AdobeStock_479129766-2048x1363.jpeg 2048w, https://www.visionpourlafrique.org/wp-content/uploads/2022/09/AdobeStock_479129766-1623x1080.jpeg 1623w" sizes="auto, (max-width: 1024px) 100vw, 1024px" /></figure><div class="wp-block-media-text__content">
<p>Dans la lettre aux Philippiens, l’apôtre Paul dit au chapitre 4 – versets 22 et 23&nbsp;:</p>



<blockquote class="wp-block-quote is-layout-flow wp-block-quote-is-layout-flow"><p><em>Saluez tous les saints en Jésus-Christ. Les frères qui sont avec moi vous saluent.</em> <em>Tous les saints vous saluent, et principalement ceux de la maison de César.<br>Que la grâce du Seigneur Jésus-Christ soit avec votre esprit</em>!</p><cite>Philippiens 4:22-23</cite></blockquote>
</div></div>



<div style="height:46px" aria-hidden="true" class="wp-block-spacer"></div>



<p>Nous rendons d’abord grâces à Dieu par Jésus-Christ, et nous nous réjouissons de voir dans ces Nations un grand intérêt pour la parole du Seigneur, des cœurs disposés à recevoir l’Evangile de Dieu, Jésus-Christ comme Seigneur et Sauveur dans leur vie.</p>



<p>Nous tenons à exprimer nos profonds remerciements à tous ceux qui prennent part de près ou de loin, et acceptent d’être partenaires avec Dieu dans cette œuvre missionnaire qu’Il conduit au travers de la VIPA-MIPA.</p>



<p>Nous remercions tout particulièrement les responsables d’églises qui par leur attachement mobilisent activement des membres de leurs assemblées respectives.</p>



<p>Que le Nom du Seigneur Jésus-Christ soit béni !</p>

<p>Dans la lettre aux Philippiens, l’apôtre Paul dit au chapitre 4 – versets 22 et 23&nbsp;: Saluez tous les saints en Jésus-Christ. Les frères qui sont avec moi vous saluent. Tous les saints vous saluent, et principalement ceux de la maison de César.Que la grâce du Seigneur Jésus-Christ soit avec votre esprit! Philippiens 4:22-23 Nous&hellip; <br /> <a class="read-more" href="https://www.visionpourlafrique.org/en/remerciements/">Read more</a></p>
