{"id":466,"date":"2022-09-25T10:14:19","date_gmt":"2022-09-25T08:14:19","guid":{"rendered":"https:\/\/www.visionpourlafrique.org\/?page_id=466"},"modified":"2022-09-25T13:08:31","modified_gmt":"2022-09-25T11:08:31","slug":"nos-lieux-dintervention","status":"publish","type":"page","link":"https:\/\/www.visionpourlafrique.org\/en\/nos-lieux-dintervention\/","title":{"rendered":"Nos lieux d&rsquo;intervention"},"content":{"rendered":"<blockquote class=\"wp-block-quote is-layout-flow wp-block-quote-is-layout-flow\"><p><strong><sup>&nbsp;<\/sup><\/strong><em>Un ange du Seigneur, s&rsquo;adressant \u00e0 Philippe, lui dit: L\u00e8ve-toi, et va du c\u00f4t\u00e9 du midi, sur le chemin qui descend de J\u00e9rusalem \u00e0 Gaza, celui qui est d\u00e9sert. Il se leva et partit.<\/em><\/p><cite><em>Actes 8:26 et 27<\/em><\/cite><\/blockquote>\n\n\n\n<p>Un de nos principes est d\u2019annoncer l\u2019\u00c9vangile de Dieu, quels que soient les villages, au-del\u00e0 de toute sensibilit\u00e9 ou d\u00e9nomination, en unissant nos ressources comme le Seigneur nous invite \u00e0 le faire. Cela implique une soumission absolue aux instructions du Saint-Esprit pour qu&rsquo;il op\u00e8re et nous conduise afin que des hommes et des femmes soient d\u00e9livr\u00e9s de leur captivit\u00e9 en venant \u00e0 la lumi\u00e8re de Christ et que le Nom de&nbsp; J\u00e9sus-Christ, Seigneur et Sauveur, soit glorifi\u00e9.<\/p>\n\n\n\n<p>Des traditions religieuses sont fortement ancr\u00e9es dans la plupart des zones rurales, \u00e0 cela s&rsquo;ajoutent des contextes culturels tr\u00e8s diff\u00e9rents d\u2019un pays \u00e0 l&rsquo;autre, dressant des obstacles \u00e0 la pr\u00e9dication de la parole du Seigneur J\u00e9sus. <\/p>\n\n\n\n<p>Mais, Dieu est Tout-Puissant et nous pr\u00e9c\u00e8de toujours en ces lieux pour ouvrir les c\u0153urs \u00e0 la repentance, ce malgr\u00e9 les violences parfois subies ; cela renforce la foi des enfants de Dieu.<\/p>\n\n\n\n<p>Le climat qui r\u00e8gne dans certains pays n\u2019est pas vraiment favorable, voire m\u00eame hostile \u00e0 la communication de l\u2019\u00c9vangile, et nombre de chr\u00e9tiens subissent l\u2019oppression et l\u2019exclusion sociale.&nbsp;<\/p>\n\n\n\n<p>Pour autant, notre Seigneur ouvre une porte pour la foi et permet par l\u2019entremise de ses serviteurs, des \u00e9glises locales sur place, que notre pr\u00e9sence soit aujourd\u2019hui dans plusieurs nations en Afrique&nbsp;:<\/p>\n\n\n\n<div class=\"wp-block-columns is-layout-flex wp-container-core-columns-is-layout-1 wp-block-columns-is-layout-flex\">\n<div class=\"wp-block-column is-layout-flow wp-block-column-is-layout-flow\">\n<ul class=\"wp-block-list\"><li>Cameroun<\/li><li>Benin<\/li><li>Rwanda<\/li><li>Lybie<\/li><li>Niger<\/li><li>Tunisie\u00a0<\/li><\/ul>\n<\/div>\n\n\n\n<div class=\"wp-block-column is-layout-flow wp-block-column-is-layout-flow\">\n<ul class=\"wp-block-list\"><li>Togo<\/li><li>Burkina Faso<\/li><li>Tchad<\/li><li>RDC<\/li><li>R\u00e9publique du Congo<\/li><\/ul>\n\n\n\n<p><\/p>\n<\/div>\n<\/div>\n\n\n\n<p>Nos partenaires sur le terrain sont de v\u00e9ritables compagnons d\u2019\u0153uvres que le Seigneur utilise et \u00e9quipe au quotidien pour relever tous les d\u00e9fis qui se pr\u00e9sentent \u00e0 eux.<\/p>\n\n\n\n<p>Le Seigneur nous donne l\u2019onction qui nous permet de toucher les vies, car le Fils de l\u2019homme est venu pour cherche et sauver ceux qui sont perdus.<\/p>\n\n\n\n<p>Le Seigneur nous associe \u00e0 cette grande mission et nous voulons avec crainte et ferveur contribuer, sous l\u2019assistance du Saint-Esprit, \u00e0 faire connaitre J\u00e9sus-Christ, seul Seigneur et Sauveur qui nous a \u00e9t\u00e9 donn\u00e9 pour notre salut et faire la paix avec Dieu.<\/p>\n\n\n\n<p>Dieu nous dit dans Proverbes 11-30&nbsp;:<\/p>\n\n\n\n<blockquote class=\"wp-block-quote is-layout-flow wp-block-quote-is-layout-flow\"><p><em>Le fruit du juste est un arbre de vie, Et le sage s&#8217;empare des \u00e2mes.<\/em><\/p><cite>Proverbes 11:30<\/cite><\/blockquote>","protected":false},"excerpt":{"rendered":"<p>&nbsp;Un ange du Seigneur, s&rsquo;adressant \u00e0 Philippe, lui dit: L\u00e8ve-toi, et va du c\u00f4t\u00e9 du midi, sur le chemin qui descend de J\u00e9rusalem \u00e0 Gaza, celui qui est d\u00e9sert. Il se leva et partit. Actes 8:26 et 27 Un de nos principes est d\u2019annoncer l\u2019\u00c9vangile de Dieu, quels que soient les villages, au-del\u00e0 de toute&hellip; <br \/> <a class=\"read-more\" href=\"https:\/\/www.visionpourlafrique.org\/en\/nos-lieux-dintervention\/\">Read more<\/a><\/p>","protected":false},"author":5,"featured_media":0,"parent":0,"menu_order":0,"comment_status":"closed","ping_status":"closed","template":"","meta":{"footnotes":""},"class_list":["post-466","page","type-page","status-publish","hentry"],"_links":{"self":[{"href":"https:\/\/www.visionpourlafrique.org\/en\/wp-json\/wp\/v2\/pages\/466","targetHints":{"allow":["GET"]}}],"collection":[{"href":"https:\/\/www.visionpourlafrique.org\/en\/wp-json\/wp\/v2\/pages"}],"about":[{"href":"https:\/\/www.visionpourlafrique.org\/en\/wp-json\/wp\/v2\/types\/page"}],"author":[{"embeddable":true,"href":"https:\/\/www.visionpourlafrique.org\/en\/wp-json\/wp\/v2\/users\/5"}],"replies":[{"embeddable":true,"href":"https:\/\/www.visionpourlafrique.org\/en\/wp-json\/wp\/v2\/comments?post=466"}],"version-history":[{"count":24,"href":"https:\/\/www.visionpourlafrique.org\/en\/wp-json\/wp\/v2\/pages\/466\/revisions"}],"predecessor-version":[{"id":570,"href":"https:\/\/www.visionpourlafrique.org\/en\/wp-json\/wp\/v2\/pages\/466\/revisions\/570"}],"wp:attachment":[{"href":"https:\/\/www.visionpourlafrique.org\/en\/wp-json\/wp\/v2\/media?parent=466"}],"curies":[{"name":"wp","href":"https:\/\/api.w.org\/{rel}","templated":true}]}}

<blockquote class="wp-block-quote is-layout-flow wp-block-quote-is-layout-flow"><p><strong><sup>&nbsp;</sup></strong><em>Un ange du Seigneur, s&rsquo;adressant à Philippe, lui dit: Lève-toi, et va du côté du midi, sur le chemin qui descend de Jérusalem à Gaza, celui qui est désert. Il se leva et partit.</em></p><cite><em>Actes 8:26 et 27</em></cite></blockquote>



<p>Un de nos principes est d’annoncer l’Évangile de Dieu, quels que soient les villages, au-delà de toute sensibilité ou dénomination, en unissant nos ressources comme le Seigneur nous invite à le faire. Cela implique une soumission absolue aux instructions du Saint-Esprit pour qu&rsquo;il opère et nous conduise afin que des hommes et des femmes soient délivrés de leur captivité en venant à la lumière de Christ et que le Nom de&nbsp; Jésus-Christ, Seigneur et Sauveur, soit glorifié.</p>



<p>Des traditions religieuses sont fortement ancrées dans la plupart des zones rurales, à cela s&rsquo;ajoutent des contextes culturels très différents d’un pays à l&rsquo;autre, dressant des obstacles à la prédication de la parole du Seigneur Jésus. </p>



<p>Mais, Dieu est Tout-Puissant et nous précède toujours en ces lieux pour ouvrir les cœurs à la repentance, ce malgré les violences parfois subies ; cela renforce la foi des enfants de Dieu.</p>



<p>Le climat qui règne dans certains pays n’est pas vraiment favorable, voire même hostile à la communication de l’Évangile, et nombre de chrétiens subissent l’oppression et l’exclusion sociale.&nbsp;</p>



<p>Pour autant, notre Seigneur ouvre une porte pour la foi et permet par l’entremise de ses serviteurs, des églises locales sur place, que notre présence soit aujourd’hui dans plusieurs nations en Afrique&nbsp;:</p>



<div class="wp-block-columns is-layout-flex wp-container-core-columns-is-layout-1 wp-block-columns-is-layout-flex">
<div class="wp-block-column is-layout-flow wp-block-column-is-layout-flow">
<ul class="wp-block-list"><li>Cameroun</li><li>Benin</li><li>Rwanda</li><li>Lybie</li><li>Niger</li><li>Tunisie </li></ul>
</div>



<div class="wp-block-column is-layout-flow wp-block-column-is-layout-flow">
<ul class="wp-block-list"><li>Togo</li><li>Burkina Faso</li><li>Tchad</li><li>RDC</li><li>République du Congo</li></ul>



<p></p>
</div>
</div>



<p>Nos partenaires sur le terrain sont de véritables compagnons d’œuvres que le Seigneur utilise et équipe au quotidien pour relever tous les défis qui se présentent à eux.</p>



<p>Le Seigneur nous donne l’onction qui nous permet de toucher les vies, car le Fils de l’homme est venu pour cherche et sauver ceux qui sont perdus.</p>



<p>Le Seigneur nous associe à cette grande mission et nous voulons avec crainte et ferveur contribuer, sous l’assistance du Saint-Esprit, à faire connaitre Jésus-Christ, seul Seigneur et Sauveur qui nous a été donné pour notre salut et faire la paix avec Dieu.</p>



<p>Dieu nous dit dans Proverbes 11-30&nbsp;:</p>



<blockquote class="wp-block-quote is-layout-flow wp-block-quote-is-layout-flow"><p><em>Le fruit du juste est un arbre de vie, Et le sage s&#8217;empare des âmes.</em></p><cite>Proverbes 11:30</cite></blockquote>

<p>&nbsp;Un ange du Seigneur, s&rsquo;adressant à Philippe, lui dit: Lève-toi, et va du côté du midi, sur le chemin qui descend de Jérusalem à Gaza, celui qui est désert. Il se leva et partit. Actes 8:26 et 27 Un de nos principes est d’annoncer l’Évangile de Dieu, quels que soient les villages, au-delà de toute&hellip; <br /> <a class="read-more" href="https://www.visionpourlafrique.org/en/nos-lieux-dintervention/">Read more</a></p>
